
1
What is the tens digit of 20938?
3
What is the tens digit of 116?
1
What is the units digit of 1191?
1
What is the hundreds digit of 950?
9
What is the hundreds digit of 42219?
2
What is the tens digit of 90885?
8
What is the hundreds digit of 114621?
6
What is the hundreds digit of 4210?
2
What is the hundreds digit of 4794?
7
What is the units digit of 1241?
1
What is the tens digit of 239?
3
What is the hundreds digit of 67629?
6
What is the units digit of 178?
8
What is the units digit of 7790?
0
What is the units digit of 4454?
4
What is the hundreds digit of 16671?
6
What is the hundreds digit of 12894?
8
What is the units digit of 1223?
3
What is the hundreds digit of 1782?
7
What is the units digit of 281?
1
What is the units digit of 72601?
1
What is the hundreds digit of 625?
6
What is the hundreds digit of 1570?
5
What is the thousands digit of 13568?
3
What is the hundreds digit of 27097?
0
What is the hundreds digit of 780?
7
What is the tens digit of 12236?
3
What is the tens digit of 2458?
5
What is the tens digit of 745?
4
What is the hundreds digit of 4140?
1
What is the tens digit of 12190?
9
What is the thousands digit of 111319?
1
What is the hundred thousands digit of 110429?
1
What is the units digit of 5804?
4
What is the hundreds digit of 50283?
2
What is the tens digit of 1454?
5
What is the thousands digit of 53765?
3
What is the tens digit of 9930?
3
What is the thousands digit of 1903?
1
What is the units digit of 1922?
2
What is the hundreds digit of 468?
4
What is the units digit of 41546?
6
What is the thousands digit of 45419?
5
What is the thousands digit of 1394?
1
What is the units digit of 2748?
8
What is the tens digit of 2043?
4
What is the ten thousands digit of 19605?
1
What is the tens digit of 839?
3
What is the tens digit of 4185?
8
What is the tens digit of 20490?
9
What is the hundreds digit of 735?
7
What is the thousands digit of 5218?
5
What is the units digit of 6683?
3
What is the units digit of 45?
5
What is the tens digit of 356?
5
What is the thousands digit of 15985?
5
What is the tens digit of 10945?
4
What is the units digit of 92082?
2
What is the hundreds digit of 10721?
7
What is the ten thousands digit of 71315?
7
What is the hundreds digit of 818?
8
What is the thousands digit of 15646?
5
What is the hundreds digit of 144267?
2
What is the thousands digit of 65132?
5
What is the units digit of 3093?
3
What is the hundreds digit of 11383?
3
What is the units digit of 48?
8
What is the hundreds digit of 69905?
9
What is the units digit of 846?
6
What is the units digit of 168?
8
What is the units digit of 61012?
2
What is the units digit of 3628?
8
What is the thousands digit of 104313?
4
What is the thousands digit of 5176?
5
What is the units digit of 172?
2
What is the tens digit of 18258?
5
What is the tens digit of 45156?
5
What is the units digit of 51?
1
What is the units digit of 19405?
5
What is the units digit of 868?
8
What is the tens digit of 8853?
5
What is the thousands digit of 22444?
2
What is the thousands digit of 34658?
4
What is the hundreds digit of 29178?
1
What is the tens digit of 29915?
1
What is the hundreds digit of 126?
1
What is the tens digit of 698?
9
What is the tens digit of 102?
0
What is the hundreds digit of 9196?
1
What is the hundreds digit of 2136?
1
What is the units digit of 28134?
4
What is the hundreds digit of 5691?
6
What is the units digit of 518?
8
What is the tens digit of 1469?
6
What is the tens digit of 60559?
5
What is the thousands digit of 3876?
3
What is the ten thousands digit of 27887?
2
What is the hundreds digit of 159786?
7
What is the hundreds digit of 23061?
0
What is the thousands digit of 9349?
9
What is the ten thousands digit of 22198?
2
What is the units digit of 11773?
3
What is the ten thousands digit of 19471?
1
What is the thousands digit of 21172?
1
What is the units digit of 249?
9
What is the units digit of 497?
7
What is the units digit of 837?
7
What is the units digit of 2900?
0
What is the ten thousands digit of 19736?
1
What is the tens digit of 44000?
0
What is the thousands digit of 1935?
1
What is the units digit of 8676?
6
What is the hundreds digit of 7163?
1
What is the tens digit of 18217?
1
What is the tens digit of 3129?
2
What is the hundreds digit of 5779?
7
What is the hundreds digit of 167300?
3
What is the thousands digit of 2715?
2
What is the tens digit of 2165?
6
What is the hundreds digit of 50537?
5
What is the hundreds digit of 1037?
0
What is the hundreds digit of 89669?
6
What is the tens digit of 98?
9
What is the tens digit of 12197?
9
What is the ten thousands digit of 166506?
6
What is the tens digit of 2937?
3
What is the thousands digit of 6413?
6
What is the thousands digit of 1262?
1
What is the hundreds digit of 1628?
6
What is the hundreds digit of 1634?
6
What is the hundreds digit of 657?
6
What is the hundreds digit of 2594?
5
What is the ten thousands digit of 103495?
0
What is the hundreds digit of 42055?
0
What is the tens digit of 3040?
4
What is the tens digit of 3068?
6
What is the tens digit of 7724?
2
What is the tens digit of 11972?
7
What is the hundreds digit of 908?
9
What is the thousands digit of 46712?
6
What is the units digit of 89335?
5
What is the hundreds digit of 5461?
4
What is the hundreds digit of 8863?
8
What is the units digit of 11804?
4
What is the thousands digit of 28366?
8
What is the hundreds digit of 827?
8
What is the units digit of 52793?
3
What is the thousands digit of 91262?
1
What is the units digit of 14567?
7
What is the hundreds digit of 802?
8
What is the thousands digit of 49911?
9
What is the tens digit of 92?
9
What is the hundreds digit of 2034?
0
What is the hundreds digit of 2402?
4
What is the tens digit of 2476?
7
What is the units digit of 2548?
8
What is the thousands digit of 2872?
2
What is the tens digit of 26815?
1
What is the thousands digit of 63701?
3
What is the hundreds digit of 8206?
2
What is the tens digit of 877?
7
What is the hundreds digit of 22656?
6
What is the units digit of 80772?
2
What is the units digit of 4797?
7
What is the hundreds digit of 3353?
3
What is the units digit of 117?
7
What is the tens digit of 4064?
6
What is the thousands digit of 24100?
4
What is the tens digit of 1226?
2
What is the hundreds digit of 116218?
2
What is the hundreds digit of 71760?
7
What is the hundreds digit of 40638?
6
What is the tens digit of 3092?
9
What is the hundreds digit of 9243?
2
What is the units digit of 2266?
6
What is the ten thousands digit of 38284?
3
What is the ten thousands digit of 11943?
1
What is the hundreds digit of 43151?
1
What is the tens digit of 110911?
1
What is the units digit of 783?
3
What is the hundreds digit of 3866?
8
What is the tens digit of 555?
5
What is the units digit of 875?
5
What is the ten thousands digit of 106823?
0
What is the hundreds digit of 7578?
5
What is the units digit of 8646?
6
What is the units digit of 2990?
0
What is the hundreds digit of 566?
5
What is the hundreds digit of 27868?
8
What is the hundreds digit of 79379?
3
What is the thousands digit of 1037?
1
What is the hundreds digit of 1675?
6
What is the hundreds digit of 4231?
2
What is the hundreds digit of 667?
6
What is the hundreds digit of 9244?
2
What is the tens digit of 6297?
9
What is the tens digit of 507?
0
What is the hundreds digit of 9834?
8
What is the tens digit of 15723?
2
What is the units digit of 20259?
9
What is the ten thousands digit of 17446?
1
What is the tens digit of 76690?
9
What is the hundreds digit of 636?
6
What is the units digit of 32015?
5
What is the thousands digit of 29462?
9
What is the ten thousands digit of 93151?
9
What is the ten thousands digit of 91827?
9
What is the hundreds digit of 1023?
0
What is the tens digit of 8727?
2
What is the ten thousands digit of 34082?
3
What is the units digit of 13?
3
What is the hundreds digit of 757?
7
What is the units digit of 3751?
1
What is the thousands digit of 6427?
6
What is the thousands digit of 69409?
9
What is the tens digit of 36409?
0
What is the hundreds digit of 2381?
3
What is the thousands digit of 10015?
0
What is the hundreds digit of 1433?
4
What is the units digit of 363?
3
What is the 